723 is divided by 4169.
385
Calculate the remainder when 1253 is divided by 139.
2
Calculate the remainder when 16057 is divided by 3187.
122
Calculate the remainder when 3706533 is divided by 7.
5
Calculate the remainder when 4391 is divided by 185.
136
What is the remainder when 34592 is divided by 62?
58
What is the remainder when 50081 is divided by 253?
240
What is the remainder when 6824 is divided by 75?
74
What is the remainder when 411852 is divided by 25740?
12
Calculate the remainder when 8046 is divided by 3825.
396
What is the remainder when 26866 is divided by 4477?
4
What is the remainder when 3762 is divided by 75?
12
Calculate the remainder when 7986 is divided by 531.
21
Calculate the remainder when 62764 is divided by 13.
0
What is the remainder when 10789 is divided by 57?
16
Calculate the remainder when 45467 is divided by 45440.
27
What is the remainder when 44526 is divided by 626?
80
Calculate the remainder when 17289 is divided by 455.
454
What is the remainder when 310672 is divided by 155335?
2
What is the remainder when 401691 is divided by 716?
15
What is the remainder when 2892 is divided by 322?
316
Calculate the remainder when 125879 is divided by 17.
11
What is the remainder when 16789 is divided by 4183?
57
What is the remainder when 407774 is divided by 18?
2
What is the remainder when 778092 is divided by 4803?
6
Calculate the remainder when 14629 is divided by 59.
56
Calculate the remainder when 407261 is divided by 301.
8
Calculate the remainder when 158122 is divided by 286.
250
Calculate the remainder when 4987 is divided by 4970.
17
What is the remainder when 5463 is divided by 5428?
35
What is the remainder when 3585 is divided by 97?
93
What is the remainder when 1433 is divided by 140?
33
What is the remainder when 5925 is divided by 2959?
7
Calculate the remainder when 10275 is divided by 264.
243
Calculate the remainder when 2905 is divided by 53.
43
What is the remainder when 104339 is divided by 94?
93
Calculate the remainder when 17566 is divided by 2473.
255
What is the remainder when 91219 is divided by 504?
499
Calculate the remainder when 12900 is divided by 803.
52
Calculate the remainder when 670708 is divided by 158.
156
Calculate the remainder when 58992 is divided by 2949.
12
Calculate the remainder when 2412 is divided by 2406.
6
Calculate the remainder when 7826 is divided by 38.
36
Calculate the remainder when 116805 is divided by 17.
15
What is the remainder when 9644 is divided by 421?
382
What is the remainder when 1589383 is divided by 110?
103
Calculate the remainder when 291472 is divided by 70.
62
Calculate the remainder when 2984 is divided by 951.
131
What is the remainder when 428237 is divided by 848?
845
What is the remainder when 34176 is divided by 116?
72
What is the remainder when 19915 is divided by 12?
7
What is the remainder when 84981 is divided by 28320?
21
Calculate the remainder when 19682 is divided by 26.
0
What is the remainder when 111789 is divided by 102?
99
Calculate the remainder when 3491 is divided by 18.
17
What is the remainder when 191335 is divided by 1119?
1105
Calculate the remainder when 18317 is divided by 6096.
29
What is the remainder when 210195 is divided by 247?
245
What is the remainder when 9271 is divided by 45?
1
What is the remainder when 11733 is divided by 534?
519
Calculate the remainder when 13974 is divided by 6986.
2
What is the remainder when 82359 is divided by 16471?
4
Calculate the remainder when 73124 is divided by 117.
116
Calculate the remainder when 2634 is divided by 849.
87
Calculate the remainder when 16056 is divided by 573.
12
What is the remainder when 4631 is divided by 14?
11
Calculate the remainder when 789 is divided by 319.
151
Calculate the remainder when 107225 is divided by 107156.
69
What is the remainder when 3855 is divided by 1922?
11
Calculate the remainder when 34856 is divided by 298.
288
Calculate the remainder when 2719 is divided by 139.
78
Calculate the remainder when 10541 is divided by 162.
11
Calculate the remainder when 4999 is divided by 386.
367
Calculate the remainder when 3709 is divided by 110.
79
What is the remainder when 21204 is divided by 21201?
3
What is the remainder when 2767 is divided by 1623?
1144
Calculate the remainder when 30977 is divided by 886.
853
What is the remainder when 2518 is divided by 157?
6
Calculate the remainder when 1163 is divided by 584.
579
Calculate the remainder when 1077260 is divided by 1077260.
0
Calculate the remainder when 787 is divided by 37.
10
What is the remainder when 59653 is divided by 20?
13
What is the remainder when 21286 is divided by 24?
22
Calculate the remainder when 1275 is divided by 295.
95
What is the remainder when 14119 is divided by 23?
20
Calculate the remainder when 429149 is divided by 32.
29
Calculate the remainder when 34183 is divided by 8485.
243
What is the remainder when 4260863 is divided by 57?
56
Calculate the remainder when 311 is divided by 58.
21
What is the remainder when 686482 is divided by 187?
5
What is the remainder when 1051359 is divided by 32?
31
What is the remainder when 29445 is divided by 14721?
3
What is the remainder when 794 is divided by 59?
27
What is the remainder when 246174 is divided by 28?
26
Calculate the remainder when 43258 is divided by 30.
28
Calculate the remainder when 18403 is divided by 3678.
13
What is the remainder when 39099 is divided by 752?
747
Calculate the remainder when 8798 is divided by 8775.
23
Calculate the remainder when 79512 is divided by 25.
12
What is the remainder when 3629 is divided by 13?
2
What is the remainder when 71668 is divided by 7?
2
Calculate the remainder when 15520 is divided by 115.
110
What is the remainder when 9916 is divided by 1981?
11
Calculate the remainder when 55297 is divided by 13813.
45
Calculate the remainder when 20744 is divided by 669.
5
What is the remainder when 10476 is divided by 105?
81
What is the remainder when 78770 is divided by 93?
92
What is the remainder when 631 is divided by 397?
234
What is the remainder when 132802 is divided by 13278?
22
What is the remainder when 14622 is divided by 257?
230
Calculate the remainder when 9551 is divided by 330.
311
Calculate the remainder when 181784 is divided by 15148.
8
What is the remainder when 5003 is divided by 4935?
68
Calculate the remainder when 4782 is divided by 59.
3
What is the remainder when 38147 is divided by 1663?
1561
What is the remainder when 2512 is divided by 423?
397
What is the remainder when 983 is divided by 745?
238
What is the remainder when 51283 is divided by 12819?
7
Calculate the remainder when 24959 is divided by 221.
207
Calculate the remainder when 256535 is divided by 20.
15
What is the remainder when 2729 is divided by 302?
11
Calculate the remainder when 636 is divided by 624.
12
What is the remainder when 19846 is divided by 54?
28
What is the remainder when 3901 is divided by 124?
57
Calculate the remainder when 1268 is divided by 124.
28
What is the remainder when 1104669 is divided by 48?
45
Calculate the remainder when 1871 is divided by 331.
216
Calculate the remainder when 135885 is divided by 9.
3
What is the remainder when 1685 is divided by 800?
85
What is the remainder when 34269 is divided by 12?
9
What is the remainder when 823 is divided by 430?
393
What is the remainder when 58659 is divided by 595?
349
Calculate the remainder when 133607 is divided by 31.
28
What is the remainder when 4993 is divided by 564?
481
Calculate the remainder when 46741 is divided by 126.
121
What is the remainder when 38756 is divided by 3875?
6
Calculate the remainder when 12495 is divided by 6242.
11
Calculate the remainder when 7783 is divided by 1296.
7
What is the remainder when 7096 is divided by 28?
12
Calculate the remainder when 397691 is divided by 32.
27
What is the remainder when 32308 is divided by 143?
133
What is the remainder when 3033 is divided by 840?
513
Calculate the remainder when 131989 is divided by 528.
517
What is the remainder when 3771 is divided by 1?
0
Calculate the remainder when 251817 is divided by 37.
32
Calculate the remainder when 12299 is divided by 8.
3
Calculate the remainder when 910097 is divided by 7.
6